{"id":394,"date":"2016-05-28T09:08:47","date_gmt":"2016-05-28T09:08:47","guid":{"rendered":"http:\/\/ch-horsemanship.de\/?page_id=394"},"modified":"2019-06-30T18:25:13","modified_gmt":"2019-06-30T18:25:13","slug":"the-gentle-touch-methode","status":"publish","type":"page","link":"http:\/\/ch-horsemanship.de\/?page_id=394","title":{"rendered":"\u201eThe Gentle Touch\u00ae\u201f-Methode"},"content":{"rendered":"<p style=\"text-align: justify;\" align=\"LEFT\"><span style=\"color: #333333;\"><strong>Erl\u00e4uterung der Methode:<\/strong><\/span><\/p>\n<p style=\"text-align: justify;\" align=\"LEFT\"><span style=\"color: #333333;\"><strong>\u201eThe Gentle Touch\u00ae\u201f &#8211; die bew\u00e4hrte Ausbildungs-Methode von Peter Kreinberg<\/strong><\/span><\/p>\n<p style=\"text-align: justify;\" align=\"LEFT\"><span style=\"color: #333333;\">Die Ausbildungsmethode von Peter Kreinberg, \u201eThe Gentle Touch\u201f (TGT\u00ae) ist seit Jahren eine von Fachleuten anerkannte Methode. Im Rahmen der Bodenschule und beim Reiten vermittelt sie Grundlagen einer feinen Kommunikation zwischen Mensch und Pferd und f\u00f6rdert eine einf\u00fchlsame Reittechnik.<\/span><\/p>\n<p style=\"text-align: justify;\" align=\"LEFT\"><span style=\"color: #333333;\">Rund 140 lizenzierte TGT\u00ae-Trainer und -Trainerinnen in Deutschland, der Schweiz, \u00d6sterreich, D\u00e4nemark und Belgien geben die Inhalte von TGT\u00ae erfolgreich an ihre Sch\u00fcler weiter oder praktizieren die Methode im Umgang mit ihren Pferden. Die TGT\u00ae-Bodenschule wird inzwischen vom weltweit erfolgreichen Hannoveraner-Verband im Projekt \u201eHannoveraner erleben\u201f bei der Ausbildung von Hannoveranern speziell f\u00fcr den Freizeitbereich eingesetzt. Sie wird dar\u00fcber hinaus von Peter Kreinberg regelm\u00e4\u00dfig im Rahmen von Weiterbildungsseminaren der \u201ePers\u00f6nlichen Mitglieder der FN\u201f, auf Messen und Demo-Veranstaltungen vorgestellt. TGT\u00ae-Trainer profitieren von dem umfangreichen und detaillierten Profi-Wissen des Ausbilders Peter Kreinberg, welches er gemeinsam mit Rika Kreinberg in seinen Ausbildungsmodulen in Praxis und Theorie den angehenden Trainern weitergibt.<\/span><\/p>\n<p style=\"text-align: justify;\" align=\"LEFT\"><span style=\"color: #333333;\">Das Trainernetzwerk sowie die gut besuchten Online-Plattformen <a style=\"color: #333333;\" href=\"http:\/\/www.thegentletouch.de\">www.thegentletouch.de<\/a>\u00a0und <a style=\"color: #333333;\" href=\"http:\/\/www.peter-kreinberg.de\">http:\/\/www.peter-kreinberg.de<\/a> mit rund 80.000 Lesern j\u00e4hrlich bietet interessierten Pferdeleuten eine ideale Informations- und Orientierungshilfe sowie Kommunikationsm\u00f6glichkeiten.<\/span><\/p>\n<p style=\"text-align: justify;\" align=\"LEFT\"><span style=\"color: #333333;\">Die von Peter Kreinberg zur TGT\u00ae-Methode ver\u00f6ffentlichten B\u00fccher \u201eThe Gentle Touch\u201f und \u201ePeter Kreinbergs Bodenschule\u201f transportieren die Thematik und regen die Leser an, sich Anleitung bei TGT\u00ae-Trainern zu suchen. Mit regelm\u00e4\u00dfigen Demoauftritten und Ver\u00f6ffentlichungen in f\u00fchrenden Fachmagazinen wird die Methode einem breiten Publikum vorgestellt. Das Trainernetzwerk bietet in Deutschland und Ansprechpartner vor Ort.<\/span><\/p>\n<p style=\"text-align: justify;\"><span style=\"color: #333333;\">Die TGT\u00ae-Ausbildung kann von <strong>hauptberuflichen Reitlehrern<\/strong>, Therapeuten oder Ausbildern, aber auch vom <strong>Pferdebesitzern<\/strong> ohne Lehrambitionen abgeschlossen werden. Im Trainernetzwerk befinden sich Ausbilder sowohl aus dem klassischen, therapeutischen und Western- und Freizeitbereich und dokumentieren, dass die Methode von Peter Kreinberg reitweisen\u00fcbergreifend wirkt, und die \u201eFeedbacks\u201d der Trainer-Kunden best\u00e4tigen, wie gut diese Methode verstanden und umgesetzt werden kann.<\/span><\/p>\n<p style=\"text-align: justify;\" align=\"LEFT\"><span style=\"color: #333333;\">Dieser Erfolg f\u00fchrt auf ein System zur\u00fcck, das Peter Kreinberg in \u00fcber 30 Jahren aus der praktischen Erfahrung heraus entwickelt hat \u2013 f\u00fcr Reiter und Pferde.<\/span><\/p>\n<p style=\"text-align: justify;\"><span style=\"color: #333333;\">Text \u00a9 The Gentle Touch GmbH<\/span><\/p>\n","protected":false},"excerpt":{"rendered":"<p>Erl\u00e4uterung der Methode: \u201eThe Gentle Touch\u00ae\u201f &#8211; die bew\u00e4hrte Ausbildungs-Methode von Peter Kreinberg Die Ausbildungsmethode von Peter Kreinberg, \u201eThe Gentle Touch\u201f (TGT\u00ae) ist seit Jahren eine von Fachleuten anerkannte Methode. Im Rahmen der Bodenschule und beim Reiten vermittelt sie Grundlagen einer feinen Kommunikation zwischen Mensch und Pferd und f\u00f6rdert eine einf\u00fchlsame Reittechnik. Rund 140 lizenzierte [&hellip;]<\/p>\n","protected":false},"author":1,"featured_media":0,"parent":402,"menu_order":0,"comment_status":"closed","ping_status":"closed","template":"fullwidth-page.php","meta":{"footnotes":""},"class_list":["post-394","page","type-page","status-publish","hentry"],"_links":{"self":[{"href":"http:\/\/ch-horsemanship.de\/index.php?rest_route=\/wp\/v2\/pages\/394","targetHints":{"allow":["GET"]}}],"collection":[{"href":"http:\/\/ch-horsemanship.de\/index.php?rest_route=\/wp\/v2\/pages"}],"about":[{"href":"http:\/\/ch-horsemanship.de\/index.php?rest_route=\/wp\/v2\/types\/page"}],"author":[{"embeddable":true,"href":"http:\/\/ch-horsemanship.de\/index.php?rest_route=\/wp\/v2\/users\/1"}],"replies":[{"embeddable":true,"href":"http:\/\/ch-horsemanship.de\/index.php?rest_route=%2Fwp%2Fv2%2Fcomments&post=394"}],"version-history":[{"count":5,"href":"http:\/\/ch-horsemanship.de\/index.php?rest_route=\/wp\/v2\/pages\/394\/revisions"}],"predecessor-version":[{"id":550,"href":"http:\/\/ch-horsemanship.de\/index.php?rest_route=\/wp\/v2\/pages\/394\/revisions\/550"}],"up":[{"embeddable":true,"href":"http:\/\/ch-horsemanship.de\/index.php?rest_route=\/wp\/v2\/pages\/402"}],"wp:attachment":[{"href":"http:\/\/ch-horsemanship.de\/index.php?rest_route=%2Fwp%2Fv2%2Fmedia&parent=394"}],"curies":[{"name":"wp","href":"https:\/\/api.w.org\/{rel}","templated":true}]}}